{"id":1261,"date":"2023-05-21T14:00:23","date_gmt":"2023-05-21T12:00:23","guid":{"rendered":"https:\/\/kleintierzuchtverein-v11.com\/?page_id=1261"},"modified":"2023-05-26T15:25:30","modified_gmt":"2023-05-26T13:25:30","slug":"jahreshauptversammlung-2021","status":"publish","type":"page","link":"https:\/\/kleintierzuchtverein-v11.com\/?page_id=1261","title":{"rendered":"Jahreshauptversammlung 2021"},"content":{"rendered":"\t\t<div data-elementor-type=\"wp-page\" data-elementor-id=\"1261\" class=\"elementor elementor-1261\">\n\t\t\t\t\t\t<section class=\"elementor-section elementor-top-section elementor-element elementor-element-5b92114f elementor-section-content-middle elementor-section-stretched elementor-section-boxed elementor-section-height-default elementor-section-height-default wpr-particle-no wpr-jarallax-no wpr-parallax-no wpr-sticky-section-no wpr-equal-height-no\" data-id=\"5b92114f\" data-element_type=\"section\" data-e-type=\"section\" data-settings=\"{&quot;stretch_section&quot;:&quot;section-stretched&quot;}\">\n\t\t\t\t\t\t\t<div class=\"elementor-background-overlay\"><\/div>\n\t\t\t\t\t\t\t<div class=\"elementor-container elementor-column-gap-wide\">\n\t\t\t\t\t<div class=\"elementor-column elementor-col-100 elementor-top-column elementor-element elementor-element-17d0229d\" data-id=\"17d0229d\" data-element_type=\"column\" data-e-type=\"column\">\n\t\t\t<div class=\"elementor-widget-wrap elementor-element-populated\">\n\t\t\t\t\t\t<div class=\"elementor-element elementor-element-15fc1ef8 elementor-invisible elementor-widget elementor-widget-heading\" data-id=\"15fc1ef8\" data-element_type=\"widget\" data-e-type=\"widget\" data-settings=\"{&quot;_animation&quot;:&quot;fadeIn&quot;,&quot;_animation_delay&quot;:50}\" data-widget_type=\"heading.default\">\n\t\t\t\t<div class=\"elementor-widget-container\">\n\t\t\t\t\t<h2 class=\"elementor-heading-title elementor-size-default\">Riesenclub<\/h2>\t\t\t\t<\/div>\n\t\t\t\t<\/div>\n\t\t\t\t<div class=\"elementor-element elementor-element-3e4831ba elementor-invisible elementor-widget elementor-widget-heading\" data-id=\"3e4831ba\" data-element_type=\"widget\" data-e-type=\"widget\" data-settings=\"{&quot;_animation&quot;:&quot;fadeIn&quot;,&quot;_animation_delay&quot;:100}\" data-widget_type=\"heading.default\">\n\t\t\t\t<div class=\"elementor-widget-container\">\n\t\t\t\t\t<h2 class=\"elementor-heading-title elementor-size-default\">Veranstaltungen<\/h2>\t\t\t\t<\/div>\n\t\t\t\t<\/div>\n\t\t\t\t<div class=\"elementor-element elementor-element-3d490a89 elementor-widget-divider--view-line elementor-invisible elementor-widget elementor-widget-divider\" data-id=\"3d490a89\" data-element_type=\"widget\" data-e-type=\"widget\" data-settings=\"{&quot;_animation&quot;:&quot;fadeIn&quot;,&quot;_animation_delay&quot;:300}\" data-widget_type=\"divider.default\">\n\t\t\t\t<div class=\"elementor-widget-container\">\n\t\t\t\t\t\t\t<div class=\"elementor-divider\">\n\t\t\t<span class=\"elementor-divider-separator\">\n\t\t\t\t\t\t<\/span>\n\t\t<\/div>\n\t\t\t\t\t\t<\/div>\n\t\t\t\t<\/div>\n\t\t\t\t\t<\/div>\n\t\t<\/div>\n\t\t\t\t\t<\/div>\n\t\t<\/section>\n\t\t\t\t<section class=\"elementor-section elementor-top-section elementor-element elementor-element-6dc9f454 elementor-section-content-middle envato-kit-141-top-0 elementor-section-stretched elementor-section-boxed elementor-section-height-default elementor-section-height-default wpr-particle-no wpr-jarallax-no wpr-parallax-no wpr-sticky-section-no wpr-equal-height-no elementor-invisible\" data-id=\"6dc9f454\" data-element_type=\"section\" data-e-type=\"section\" data-settings=\"{&quot;background_background&quot;:&quot;classic&quot;,&quot;stretch_section&quot;:&quot;section-stretched&quot;,&quot;animation&quot;:&quot;fadeIn&quot;,&quot;animation_delay&quot;:800}\">\n\t\t\t\t\t\t\t<div class=\"elementor-background-overlay\"><\/div>\n\t\t\t\t\t\t\t<div class=\"elementor-container elementor-column-gap-wide\">\n\t\t\t\t\t<div class=\"elementor-column elementor-col-100 elementor-top-column elementor-element elementor-element-6271dc7a\" data-id=\"6271dc7a\" data-element_type=\"column\" data-e-type=\"column\">\n\t\t\t<div class=\"elementor-widget-wrap elementor-element-populated\">\n\t\t\t\t\t\t<div class=\"elementor-element elementor-element-286ad669 elementor-invisible elementor-widget elementor-widget-heading\" data-id=\"286ad669\" data-element_type=\"widget\" data-e-type=\"widget\" data-settings=\"{&quot;_animation&quot;:&quot;fadeIn&quot;,&quot;_animation_delay&quot;:50}\" data-widget_type=\"heading.default\">\n\t\t\t\t<div class=\"elementor-widget-container\">\n\t\t\t\t\t<h2 class=\"elementor-heading-title elementor-size-default\">14 August 2021<\/h2>\t\t\t\t<\/div>\n\t\t\t\t<\/div>\n\t\t\t\t<div class=\"elementor-element elementor-element-40da82c1 elementor-invisible elementor-widget elementor-widget-heading\" data-id=\"40da82c1\" data-element_type=\"widget\" data-e-type=\"widget\" data-settings=\"{&quot;_animation&quot;:&quot;fadeIn&quot;,&quot;_animation_delay&quot;:100}\" data-widget_type=\"heading.default\">\n\t\t\t\t<div class=\"elementor-widget-container\">\n\t\t\t\t\t<h2 class=\"elementor-heading-title elementor-size-default\">Jahreshauptversammlung<\/h2>\t\t\t\t<\/div>\n\t\t\t\t<\/div>\n\t\t\t\t<div class=\"elementor-element elementor-element-4d0500d8 elementor-widget-divider--view-line elementor-invisible elementor-widget elementor-widget-divider\" data-id=\"4d0500d8\" data-element_type=\"widget\" data-e-type=\"widget\" data-settings=\"{&quot;_animation&quot;:&quot;fadeIn&quot;,&quot;_animation_delay&quot;:300}\" data-widget_type=\"divider.default\">\n\t\t\t\t<div class=\"elementor-widget-container\">\n\t\t\t\t\t\t\t<div class=\"elementor-divider\">\n\t\t\t<span class=\"elementor-divider-separator\">\n\t\t\t\t\t\t<\/span>\n\t\t<\/div>\n\t\t\t\t\t\t<\/div>\n\t\t\t\t<\/div>\n\t\t\t\t<div class=\"elementor-element elementor-element-1b2ffacb elementor-widget elementor-widget-image\" data-id=\"1b2ffacb\" data-element_type=\"widget\" data-e-type=\"widget\" data-widget_type=\"image.default\">\n\t\t\t\t<div class=\"elementor-widget-container\">\n\t\t\t\t\t\t\t\t\t\t\t\t\t\t\t<img fetchpriority=\"high\" decoding=\"async\" width=\"800\" height=\"450\" src=\"https:\/\/kleintierzuchtverein-v11.com\/wp-content\/uploads\/2023\/05\/1-8.jpg\" class=\"attachment-large size-large wp-image-1198\" alt=\"\" srcset=\"https:\/\/kleintierzuchtverein-v11.com\/wp-content\/uploads\/2023\/05\/1-8.jpg 1024w, https:\/\/kleintierzuchtverein-v11.com\/wp-content\/uploads\/2023\/05\/1-8-300x169.jpg 300w, https:\/\/kleintierzuchtverein-v11.com\/wp-content\/uploads\/2023\/05\/1-8-768x432.jpg 768w\" sizes=\"(max-width: 800px) 100vw, 800px\" \/>\t\t\t\t\t\t\t\t\t\t\t\t\t\t\t<\/div>\n\t\t\t\t<\/div>\n\t\t\t\t<section class=\"elementor-section elementor-inner-section elementor-element elementor-element-2bc01321 elementor-section-boxed elementor-section-height-default elementor-section-height-default wpr-particle-no wpr-jarallax-no wpr-parallax-no wpr-sticky-section-no wpr-equal-height-no\" data-id=\"2bc01321\" data-element_type=\"section\" data-e-type=\"section\">\n\t\t\t\t\t\t<div class=\"elementor-container elementor-column-gap-default\">\n\t\t\t\t\t<div class=\"elementor-column elementor-col-100 elementor-inner-column elementor-element elementor-element-47ceed92\" data-id=\"47ceed92\" data-element_type=\"column\" data-e-type=\"column\">\n\t\t\t<div class=\"elementor-widget-wrap elementor-element-populated\">\n\t\t\t\t\t\t<div class=\"elementor-element elementor-element-1501d9a5 elementor-widget elementor-widget-text-editor\" data-id=\"1501d9a5\" data-element_type=\"widget\" data-e-type=\"widget\" data-widget_type=\"text-editor.default\">\n\t\t\t\t<div class=\"elementor-widget-container\">\n\t\t\t\t\t\t\t\t\t<p>17. Jahreshauptversammlung Erster \u00d6sterr. Riesenclub<\/p><p>Im Vorjahr mussten durch die Pandemie mehrmals vorhandene Termine f\u00fcr eine JHV abgesagt werden. Am 14. August 2021 war es endlich m\u00f6glich die Versammlung, erstmals im Gasthaus Rupertigau in Wals-Siezenheim, durchzuf\u00fchren. Anwesend waren 15 Mitglieder und 5 G\u00e4ste.<\/p><p>Nach den Berichten von Obmann Martin Wachter, der Schriftf\u00fchrerin Angelika Wachter sowie des Kassiers Johann Wechselberger, wurde noch ein R\u00fcckblick \u00fcber die vergangene Clubschau in Klagenfurt 2019 erstellt: Eine tolle, \u00fcbersichtliche Schau, alle K\u00e4fige waren einreihig aufgestellt. Erfreulich war, dass dort sehr viele Mitglieder ihre Tiere ausgestellt bzw. anwesend waren. Auch einen sehr sch\u00f6nen Z\u00fcchterabend konnte der Club dort feiern. Recht herzlichen Dank an unser Zuchtmitglied Markus Rainer, der diese sch\u00f6ne Schau organisierte und den Riesenclub eingeladen hatte. Die Preise, die vom LV K\u00e4rnten gespendet wurden, bzw. die Urkunden von dieser Clubschau wurden bei dieser JHV vom Obmann verteilt. Johann Wechselberger stellte den neuen Wanderpreis vor. (siehe Foto).<\/p><p>In weiterer Folge hielt der Riesenclub Neuwahlen ab \u2013 der Wahlvorschlag wurde einstimmig angenommen. Alle Funktionen werden wie gehabt weiter gef\u00fchrt, nur die Funktion des zweiten Kassapr\u00fcfers konnte neu mit Gerhard Bruno Reiger besetzt werden.<\/p><p>Entschieden wurde, dass die Clubschau heuer bei der Landes- und S\u00fcdostschau in Piber, Steiermark abgehalten wird, sofern die Pandemie es zul\u00e4sst. Zuchtmitglied Emmerich Rue\u00df hatte den Riesenclub zu dieser Landesschau eingeladen.<\/p><p>Die anschlie\u00dfende Tierbesprechung \u00fcbernahmen freundlicherweise unsere Clubmitglieder Franz Ebner und Emmerich Ruess. Reiger Michaela, Franz Mahringer, Wolfgang Hochgr\u00fcndler, Georg Ausserleitner und Martin Wachter stellten die Tiere zur Verf\u00fcgung.<\/p><p>Im Anschluss verteilte Angelika Wachter die vom Riesenclub gesponserten T-Shirts an die Clubmitglieder. Nach einem Fotoshooting mit allen Anwesenden des Clubs und guter Stimmung bei strahlendem Wetter endete die JHV des Riesenclubs.<\/p><p>\u00a0<\/p><p>\u00a0<\/p>\t\t\t\t\t\t\t\t<\/div>\n\t\t\t\t<\/div>\n\t\t\t\t<div class=\"elementor-element elementor-element-7f74acb7 elementor-widget elementor-widget-image\" data-id=\"7f74acb7\" data-element_type=\"widget\" data-e-type=\"widget\" data-widget_type=\"image.default\">\n\t\t\t\t<div class=\"elementor-widget-container\">\n\t\t\t\t\t\t\t\t\t\t\t\t\t\t\t<img decoding=\"async\" width=\"576\" height=\"1024\" src=\"https:\/\/kleintierzuchtverein-v11.com\/wp-content\/uploads\/2023\/05\/2-8.jpg\" class=\"attachment-full size-full wp-image-1199\" alt=\"\" srcset=\"https:\/\/kleintierzuchtverein-v11.com\/wp-content\/uploads\/2023\/05\/2-8.jpg 576w, https:\/\/kleintierzuchtverein-v11.com\/wp-content\/uploads\/2023\/05\/2-8-169x300.jpg 169w\" sizes=\"(max-width: 576px) 100vw, 576px\" \/>\t\t\t\t\t\t\t\t\t\t\t\t\t\t\t<\/div>\n\t\t\t\t<\/div>\n\t\t\t\t\t<\/div>\n\t\t<\/div>\n\t\t\t\t\t<\/div>\n\t\t<\/section>\n\t\t\t\t\t<\/div>\n\t\t<\/div>\n\t\t\t\t\t<\/div>\n\t\t<\/section>\n\t\t\t\t<\/div>\n\t\t","protected":false},"excerpt":{"rendered":"<p>Riesenclub Veranstaltungen 14 August 2021 Jahreshauptversammlung 17. Jahreshauptversammlung Erster \u00d6sterr. Riesenclub Im Vorjahr mussten durch die Pandemie mehrmals vorhandene Termine f\u00fcr eine JHV abgesagt werden. Am 14. August 2021 war es endlich m\u00f6glich die Versammlung, erstmals im Gasthaus Rupertigau in Wals-Siezenheim, durchzuf\u00fchren. Anwesend waren 15 Mitglieder und 5 G\u00e4ste. Nach den Berichten von Obmann Martin Wachter, der Schriftf\u00fchrerin Angelika Wachter sowie des Kassiers Johann Wechselberger, wurde noch ein R\u00fcckblick \u00fcber die vergangene Clubschau in Klagenfurt 2019 erstellt: Eine tolle, \u00fcbersichtliche Schau, alle K\u00e4fige waren einreihig aufgestellt. Erfreulich war, dass dort sehr viele Mitglieder ihre Tiere ausgestellt bzw. anwesend waren. Auch einen sehr sch\u00f6nen Z\u00fcchterabend konnte der Club dort feiern. Recht herzlichen Dank an unser Zuchtmitglied Markus Rainer, der diese sch\u00f6ne Schau organisierte und den Riesenclub eingeladen hatte. Die Preise, die vom LV K\u00e4rnten gespendet wurden, bzw. die Urkunden von dieser Clubschau wurden bei dieser JHV vom Obmann verteilt. Johann Wechselberger stellte den neuen Wanderpreis vor. (siehe Foto). In weiterer Folge hielt der Riesenclub Neuwahlen ab \u2013 der Wahlvorschlag wurde einstimmig angenommen. Alle Funktionen werden wie gehabt weiter gef\u00fchrt, nur die Funktion des zweiten Kassapr\u00fcfers konnte neu mit Gerhard Bruno Reiger besetzt werden. Entschieden wurde, dass die Clubschau heuer bei der Landes- und S\u00fcdostschau in Piber, Steiermark abgehalten wird, sofern die Pandemie es zul\u00e4sst. Zuchtmitglied Emmerich Rue\u00df hatte den Riesenclub zu dieser Landesschau eingeladen. Die anschlie\u00dfende Tierbesprechung \u00fcbernahmen freundlicherweise unsere Clubmitglieder Franz Ebner und Emmerich Ruess. Reiger Michaela, Franz Mahringer, Wolfgang Hochgr\u00fcndler, Georg Ausserleitner und Martin Wachter stellten die Tiere zur Verf\u00fcgung. Im Anschluss verteilte Angelika Wachter die vom Riesenclub gesponserten T-Shirts an die Clubmitglieder. Nach einem Fotoshooting mit allen Anwesenden des Clubs und guter Stimmung bei strahlendem Wetter endete die JHV des Riesenclubs. \u00a0 \u00a0<\/p>\n","protected":false},"author":1,"featured_media":0,"parent":0,"menu_order":0,"comment_status":"closed","ping_status":"closed","template":"elementor_canvas","meta":{"_monsterinsights_skip_tracking":false,"_monsterinsights_sitenote_active":false,"_monsterinsights_sitenote_note":"","_monsterinsights_sitenote_category":0,"footnotes":""},"class_list":["post-1261","page","type-page","status-publish","hentry"],"yoast_head":"<!-- This site is optimized with the Yoast SEO plugin v27.5 - https:\/\/yoast.com\/product\/yoast-seo-wordpress\/ -->\n<title>Jahreshauptversammlung 2021 - kleintierzuchtverein-v11.com<\/title>\n<meta name=\"robots\" content=\"index, follow, max-snippet:-1, max-image-preview:large, max-video-preview:-1\" \/>\n<link rel=\"canonical\" href=\"https:\/\/kleintierzuchtverein-v11.com\/?page_id=1261\" \/>\n<meta property=\"og:locale\" content=\"de_DE\" \/>\n<meta property=\"og:type\" content=\"article\" \/>\n<meta property=\"og:title\" content=\"Jahreshauptversammlung 2021 - kleintierzuchtverein-v11.com\" \/>\n<meta property=\"og:description\" content=\"Riesenclub Veranstaltungen 14 August 2021 Jahreshauptversammlung 17. Jahreshauptversammlung Erster \u00d6sterr. Riesenclub Im Vorjahr mussten durch die Pandemie mehrmals vorhandene Termine f\u00fcr eine JHV abgesagt werden. Am 14. August 2021 war es endlich m\u00f6glich die Versammlung, erstmals im Gasthaus Rupertigau in Wals-Siezenheim, durchzuf\u00fchren. Anwesend waren 15 Mitglieder und 5 G\u00e4ste. Nach den Berichten von Obmann Martin Wachter, der Schriftf\u00fchrerin Angelika Wachter sowie des Kassiers Johann Wechselberger, wurde noch ein R\u00fcckblick \u00fcber die vergangene Clubschau in Klagenfurt 2019 erstellt: Eine tolle, \u00fcbersichtliche Schau, alle K\u00e4fige waren einreihig aufgestellt. Erfreulich war, dass dort sehr viele Mitglieder ihre Tiere ausgestellt bzw. anwesend waren. Auch einen sehr sch\u00f6nen Z\u00fcchterabend konnte der Club dort feiern. Recht herzlichen Dank an unser Zuchtmitglied Markus Rainer, der diese sch\u00f6ne Schau organisierte und den Riesenclub eingeladen hatte. Die Preise, die vom LV K\u00e4rnten gespendet wurden, bzw. die Urkunden von dieser Clubschau wurden bei dieser JHV vom Obmann verteilt. Johann Wechselberger stellte den neuen Wanderpreis vor. (siehe Foto). In weiterer Folge hielt der Riesenclub Neuwahlen ab \u2013 der Wahlvorschlag wurde einstimmig angenommen. Alle Funktionen werden wie gehabt weiter gef\u00fchrt, nur die Funktion des zweiten Kassapr\u00fcfers konnte neu mit Gerhard Bruno Reiger besetzt werden. Entschieden wurde, dass die Clubschau heuer bei der Landes- und S\u00fcdostschau in Piber, Steiermark abgehalten wird, sofern die Pandemie es zul\u00e4sst. Zuchtmitglied Emmerich Rue\u00df hatte den Riesenclub zu dieser Landesschau eingeladen. Die anschlie\u00dfende Tierbesprechung \u00fcbernahmen freundlicherweise unsere Clubmitglieder Franz Ebner und Emmerich Ruess. Reiger Michaela, Franz Mahringer, Wolfgang Hochgr\u00fcndler, Georg Ausserleitner und Martin Wachter stellten die Tiere zur Verf\u00fcgung. Im Anschluss verteilte Angelika Wachter die vom Riesenclub gesponserten T-Shirts an die Clubmitglieder. Nach einem Fotoshooting mit allen Anwesenden des Clubs und guter Stimmung bei strahlendem Wetter endete die JHV des Riesenclubs. \u00a0 \u00a0\" \/>\n<meta property=\"og:url\" content=\"https:\/\/kleintierzuchtverein-v11.com\/?page_id=1261\" \/>\n<meta property=\"og:site_name\" content=\"kleintierzuchtverein-v11.com\" \/>\n<meta property=\"article:modified_time\" content=\"2023-05-26T13:25:30+00:00\" \/>\n<meta property=\"og:image\" content=\"http:\/\/kleintierzuchtverein-v11.com\/wp-content\/uploads\/2023\/05\/1-8.jpg\" \/>\n<meta name=\"twitter:card\" content=\"summary_large_image\" \/>\n<meta name=\"twitter:label1\" content=\"Gesch\u00e4tzte Lesezeit\" \/>\n\t<meta name=\"twitter:data1\" content=\"1\u00a0Minute\" \/>\n<script type=\"application\/ld+json\" class=\"yoast-schema-graph\">{\"@context\":\"https:\\\/\\\/schema.org\",\"@graph\":[{\"@type\":\"WebPage\",\"@id\":\"https:\\\/\\\/kleintierzuchtverein-v11.com\\\/?page_id=1261\",\"url\":\"https:\\\/\\\/kleintierzuchtverein-v11.com\\\/?page_id=1261\",\"name\":\"Jahreshauptversammlung 2021 - kleintierzuchtverein-v11.com\",\"isPartOf\":{\"@id\":\"https:\\\/\\\/kleintierzuchtverein-v11.com\\\/#website\"},\"primaryImageOfPage\":{\"@id\":\"https:\\\/\\\/kleintierzuchtverein-v11.com\\\/?page_id=1261#primaryimage\"},\"image\":{\"@id\":\"https:\\\/\\\/kleintierzuchtverein-v11.com\\\/?page_id=1261#primaryimage\"},\"thumbnailUrl\":\"http:\\\/\\\/kleintierzuchtverein-v11.com\\\/wp-content\\\/uploads\\\/2023\\\/05\\\/1-8.jpg\",\"datePublished\":\"2023-05-21T12:00:23+00:00\",\"dateModified\":\"2023-05-26T13:25:30+00:00\",\"breadcrumb\":{\"@id\":\"https:\\\/\\\/kleintierzuchtverein-v11.com\\\/?page_id=1261#breadcrumb\"},\"inLanguage\":\"de\",\"potentialAction\":[{\"@type\":\"ReadAction\",\"target\":[\"https:\\\/\\\/kleintierzuchtverein-v11.com\\\/?page_id=1261\"]}]},{\"@type\":\"ImageObject\",\"inLanguage\":\"de\",\"@id\":\"https:\\\/\\\/kleintierzuchtverein-v11.com\\\/?page_id=1261#primaryimage\",\"url\":\"http:\\\/\\\/kleintierzuchtverein-v11.com\\\/wp-content\\\/uploads\\\/2023\\\/05\\\/1-8.jpg\",\"contentUrl\":\"http:\\\/\\\/kleintierzuchtverein-v11.com\\\/wp-content\\\/uploads\\\/2023\\\/05\\\/1-8.jpg\"},{\"@type\":\"BreadcrumbList\",\"@id\":\"https:\\\/\\\/kleintierzuchtverein-v11.com\\\/?page_id=1261#breadcrumb\",\"itemListElement\":[{\"@type\":\"ListItem\",\"position\":1,\"name\":\"Startseite\",\"item\":\"https:\\\/\\\/kleintierzuchtverein-v11.com\\\/\"},{\"@type\":\"ListItem\",\"position\":2,\"name\":\"Jahreshauptversammlung 2021\"}]},{\"@type\":\"WebSite\",\"@id\":\"https:\\\/\\\/kleintierzuchtverein-v11.com\\\/#website\",\"url\":\"https:\\\/\\\/kleintierzuchtverein-v11.com\\\/\",\"name\":\"kleintierzuchtverein-v11.com\",\"description\":\"Eine weiter WordPress-Webseite\",\"publisher\":{\"@id\":\"https:\\\/\\\/kleintierzuchtverein-v11.com\\\/#organization\"},\"potentialAction\":[{\"@type\":\"SearchAction\",\"target\":{\"@type\":\"EntryPoint\",\"urlTemplate\":\"https:\\\/\\\/kleintierzuchtverein-v11.com\\\/?s={search_term_string}\"},\"query-input\":{\"@type\":\"PropertyValueSpecification\",\"valueRequired\":true,\"valueName\":\"search_term_string\"}}],\"inLanguage\":\"de\"},{\"@type\":\"Organization\",\"@id\":\"https:\\\/\\\/kleintierzuchtverein-v11.com\\\/#organization\",\"name\":\"Rassenkleintierzuchtverein V11 Bludenz und 1. \u00d6sterreichischer Riesenclub\",\"url\":\"https:\\\/\\\/kleintierzuchtverein-v11.com\\\/\",\"logo\":{\"@type\":\"ImageObject\",\"inLanguage\":\"de\",\"@id\":\"https:\\\/\\\/kleintierzuchtverein-v11.com\\\/#\\\/schema\\\/logo\\\/image\\\/\",\"url\":\"https:\\\/\\\/kleintierzuchtverein-v11.com\\\/wp-content\\\/uploads\\\/2023\\\/05\\\/cropped-Bild1.png\",\"contentUrl\":\"https:\\\/\\\/kleintierzuchtverein-v11.com\\\/wp-content\\\/uploads\\\/2023\\\/05\\\/cropped-Bild1.png\",\"width\":2366,\"height\":829,\"caption\":\"Rassenkleintierzuchtverein V11 Bludenz und 1. \u00d6sterreichischer Riesenclub\"},\"image\":{\"@id\":\"https:\\\/\\\/kleintierzuchtverein-v11.com\\\/#\\\/schema\\\/logo\\\/image\\\/\"}}]}<\/script>\n<!-- \/ Yoast SEO plugin. -->","yoast_head_json":{"title":"Jahreshauptversammlung 2021 - kleintierzuchtverein-v11.com","robots":{"index":"index","follow":"follow","max-snippet":"max-snippet:-1","max-image-preview":"max-image-preview:large","max-video-preview":"max-video-preview:-1"},"canonical":"https:\/\/kleintierzuchtverein-v11.com\/?page_id=1261","og_locale":"de_DE","og_type":"article","og_title":"Jahreshauptversammlung 2021 - kleintierzuchtverein-v11.com","og_description":"Riesenclub Veranstaltungen 14 August 2021 Jahreshauptversammlung 17. Jahreshauptversammlung Erster \u00d6sterr. Riesenclub Im Vorjahr mussten durch die Pandemie mehrmals vorhandene Termine f\u00fcr eine JHV abgesagt werden. Am 14. August 2021 war es endlich m\u00f6glich die Versammlung, erstmals im Gasthaus Rupertigau in Wals-Siezenheim, durchzuf\u00fchren. Anwesend waren 15 Mitglieder und 5 G\u00e4ste. Nach den Berichten von Obmann Martin Wachter, der Schriftf\u00fchrerin Angelika Wachter sowie des Kassiers Johann Wechselberger, wurde noch ein R\u00fcckblick \u00fcber die vergangene Clubschau in Klagenfurt 2019 erstellt: Eine tolle, \u00fcbersichtliche Schau, alle K\u00e4fige waren einreihig aufgestellt. Erfreulich war, dass dort sehr viele Mitglieder ihre Tiere ausgestellt bzw. anwesend waren. Auch einen sehr sch\u00f6nen Z\u00fcchterabend konnte der Club dort feiern. Recht herzlichen Dank an unser Zuchtmitglied Markus Rainer, der diese sch\u00f6ne Schau organisierte und den Riesenclub eingeladen hatte. Die Preise, die vom LV K\u00e4rnten gespendet wurden, bzw. die Urkunden von dieser Clubschau wurden bei dieser JHV vom Obmann verteilt. Johann Wechselberger stellte den neuen Wanderpreis vor. (siehe Foto). In weiterer Folge hielt der Riesenclub Neuwahlen ab \u2013 der Wahlvorschlag wurde einstimmig angenommen. Alle Funktionen werden wie gehabt weiter gef\u00fchrt, nur die Funktion des zweiten Kassapr\u00fcfers konnte neu mit Gerhard Bruno Reiger besetzt werden. Entschieden wurde, dass die Clubschau heuer bei der Landes- und S\u00fcdostschau in Piber, Steiermark abgehalten wird, sofern die Pandemie es zul\u00e4sst. Zuchtmitglied Emmerich Rue\u00df hatte den Riesenclub zu dieser Landesschau eingeladen. Die anschlie\u00dfende Tierbesprechung \u00fcbernahmen freundlicherweise unsere Clubmitglieder Franz Ebner und Emmerich Ruess. Reiger Michaela, Franz Mahringer, Wolfgang Hochgr\u00fcndler, Georg Ausserleitner und Martin Wachter stellten die Tiere zur Verf\u00fcgung. Im Anschluss verteilte Angelika Wachter die vom Riesenclub gesponserten T-Shirts an die Clubmitglieder. Nach einem Fotoshooting mit allen Anwesenden des Clubs und guter Stimmung bei strahlendem Wetter endete die JHV des Riesenclubs. \u00a0 \u00a0","og_url":"https:\/\/kleintierzuchtverein-v11.com\/?page_id=1261","og_site_name":"kleintierzuchtverein-v11.com","article_modified_time":"2023-05-26T13:25:30+00:00","og_image":[{"url":"http:\/\/kleintierzuchtverein-v11.com\/wp-content\/uploads\/2023\/05\/1-8.jpg","type":"","width":"","height":""}],"twitter_card":"summary_large_image","twitter_misc":{"Gesch\u00e4tzte Lesezeit":"1\u00a0Minute"},"schema":{"@context":"https:\/\/schema.org","@graph":[{"@type":"WebPage","@id":"https:\/\/kleintierzuchtverein-v11.com\/?page_id=1261","url":"https:\/\/kleintierzuchtverein-v11.com\/?page_id=1261","name":"Jahreshauptversammlung 2021 - kleintierzuchtverein-v11.com","isPartOf":{"@id":"https:\/\/kleintierzuchtverein-v11.com\/#website"},"primaryImageOfPage":{"@id":"https:\/\/kleintierzuchtverein-v11.com\/?page_id=1261#primaryimage"},"image":{"@id":"https:\/\/kleintierzuchtverein-v11.com\/?page_id=1261#primaryimage"},"thumbnailUrl":"http:\/\/kleintierzuchtverein-v11.com\/wp-content\/uploads\/2023\/05\/1-8.jpg","datePublished":"2023-05-21T12:00:23+00:00","dateModified":"2023-05-26T13:25:30+00:00","breadcrumb":{"@id":"https:\/\/kleintierzuchtverein-v11.com\/?page_id=1261#breadcrumb"},"inLanguage":"de","potentialAction":[{"@type":"ReadAction","target":["https:\/\/kleintierzuchtverein-v11.com\/?page_id=1261"]}]},{"@type":"ImageObject","inLanguage":"de","@id":"https:\/\/kleintierzuchtverein-v11.com\/?page_id=1261#primaryimage","url":"http:\/\/kleintierzuchtverein-v11.com\/wp-content\/uploads\/2023\/05\/1-8.jpg","contentUrl":"http:\/\/kleintierzuchtverein-v11.com\/wp-content\/uploads\/2023\/05\/1-8.jpg"},{"@type":"BreadcrumbList","@id":"https:\/\/kleintierzuchtverein-v11.com\/?page_id=1261#breadcrumb","itemListElement":[{"@type":"ListItem","position":1,"name":"Startseite","item":"https:\/\/kleintierzuchtverein-v11.com\/"},{"@type":"ListItem","position":2,"name":"Jahreshauptversammlung 2021"}]},{"@type":"WebSite","@id":"https:\/\/kleintierzuchtverein-v11.com\/#website","url":"https:\/\/kleintierzuchtverein-v11.com\/","name":"kleintierzuchtverein-v11.com","description":"Eine weiter WordPress-Webseite","publisher":{"@id":"https:\/\/kleintierzuchtverein-v11.com\/#organization"},"potentialAction":[{"@type":"SearchAction","target":{"@type":"EntryPoint","urlTemplate":"https:\/\/kleintierzuchtverein-v11.com\/?s={search_term_string}"},"query-input":{"@type":"PropertyValueSpecification","valueRequired":true,"valueName":"search_term_string"}}],"inLanguage":"de"},{"@type":"Organization","@id":"https:\/\/kleintierzuchtverein-v11.com\/#organization","name":"Rassenkleintierzuchtverein V11 Bludenz und 1. \u00d6sterreichischer Riesenclub","url":"https:\/\/kleintierzuchtverein-v11.com\/","logo":{"@type":"ImageObject","inLanguage":"de","@id":"https:\/\/kleintierzuchtverein-v11.com\/#\/schema\/logo\/image\/","url":"https:\/\/kleintierzuchtverein-v11.com\/wp-content\/uploads\/2023\/05\/cropped-Bild1.png","contentUrl":"https:\/\/kleintierzuchtverein-v11.com\/wp-content\/uploads\/2023\/05\/cropped-Bild1.png","width":2366,"height":829,"caption":"Rassenkleintierzuchtverein V11 Bludenz und 1. \u00d6sterreichischer Riesenclub"},"image":{"@id":"https:\/\/kleintierzuchtverein-v11.com\/#\/schema\/logo\/image\/"}}]}},"_links":{"self":[{"href":"https:\/\/kleintierzuchtverein-v11.com\/index.php?rest_route=\/wp\/v2\/pages\/1261","targetHints":{"allow":["GET"]}}],"collection":[{"href":"https:\/\/kleintierzuchtverein-v11.com\/index.php?rest_route=\/wp\/v2\/pages"}],"about":[{"href":"https:\/\/kleintierzuchtverein-v11.com\/index.php?rest_route=\/wp\/v2\/types\/page"}],"author":[{"embeddable":true,"href":"https:\/\/kleintierzuchtverein-v11.com\/index.php?rest_route=\/wp\/v2\/users\/1"}],"replies":[{"embeddable":true,"href":"https:\/\/kleintierzuchtverein-v11.com\/index.php?rest_route=%2Fwp%2Fv2%2Fcomments&post=1261"}],"version-history":[{"count":8,"href":"https:\/\/kleintierzuchtverein-v11.com\/index.php?rest_route=\/wp\/v2\/pages\/1261\/revisions"}],"predecessor-version":[{"id":2020,"href":"https:\/\/kleintierzuchtverein-v11.com\/index.php?rest_route=\/wp\/v2\/pages\/1261\/revisions\/2020"}],"wp:attachment":[{"href":"https:\/\/kleintierzuchtverein-v11.com\/index.php?rest_route=%2Fwp%2Fv2%2Fmedia&parent=1261"}],"curies":[{"name":"wp","href":"https:\/\/api.w.org\/{rel}","templated":true}]}}