{"id":1327,"date":"2023-05-21T14:00:14","date_gmt":"2023-05-21T12:00:14","guid":{"rendered":"https:\/\/kleintierzuchtverein-v11.com\/?page_id=1327"},"modified":"2023-05-21T14:00:15","modified_gmt":"2023-05-21T12:00:15","slug":"impressum","status":"publish","type":"page","link":"https:\/\/kleintierzuchtverein-v11.com\/?page_id=1327","title":{"rendered":"Impressum"},"content":{"rendered":"\t\t<div data-elementor-type=\"wp-page\" data-elementor-id=\"1327\" class=\"elementor elementor-1327\">\n\t\t\t\t\t\t<section class=\"elementor-section elementor-top-section elementor-element elementor-element-775964ef elementor-section-content-middle elementor-section-stretched elementor-section-boxed elementor-section-height-default elementor-section-height-default wpr-particle-no wpr-jarallax-no wpr-parallax-no wpr-sticky-section-no wpr-equal-height-no\" data-id=\"775964ef\" data-element_type=\"section\" data-e-type=\"section\" data-settings=\"{&quot;stretch_section&quot;:&quot;section-stretched&quot;}\">\n\t\t\t\t\t\t\t<div class=\"elementor-background-overlay\"><\/div>\n\t\t\t\t\t\t\t<div class=\"elementor-container elementor-column-gap-wide\">\n\t\t\t\t\t<div class=\"elementor-column elementor-col-100 elementor-top-column elementor-element elementor-element-6b9da188\" data-id=\"6b9da188\" data-element_type=\"column\" data-e-type=\"column\">\n\t\t\t<div class=\"elementor-widget-wrap elementor-element-populated\">\n\t\t\t\t\t\t<div class=\"elementor-element elementor-element-1ba91900 elementor-invisible elementor-widget elementor-widget-heading\" data-id=\"1ba91900\" data-element_type=\"widget\" data-e-type=\"widget\" data-settings=\"{&quot;_animation&quot;:&quot;fadeIn&quot;,&quot;_animation_delay&quot;:100}\" data-widget_type=\"heading.default\">\n\t\t\t\t<div class=\"elementor-widget-container\">\n\t\t\t\t\t<h2 class=\"elementor-heading-title elementor-size-default\">Impressum<\/h2>\t\t\t\t<\/div>\n\t\t\t\t<\/div>\n\t\t\t\t<div class=\"elementor-element elementor-element-3083ec17 elementor-widget-divider--view-line elementor-invisible elementor-widget elementor-widget-divider\" data-id=\"3083ec17\" data-element_type=\"widget\" data-e-type=\"widget\" data-settings=\"{&quot;_animation&quot;:&quot;fadeIn&quot;,&quot;_animation_delay&quot;:300}\" data-widget_type=\"divider.default\">\n\t\t\t\t<div class=\"elementor-widget-container\">\n\t\t\t\t\t\t\t<div class=\"elementor-divider\">\n\t\t\t<span class=\"elementor-divider-separator\">\n\t\t\t\t\t\t<\/span>\n\t\t<\/div>\n\t\t\t\t\t\t<\/div>\n\t\t\t\t<\/div>\n\t\t\t\t\t<\/div>\n\t\t<\/div>\n\t\t\t\t\t<\/div>\n\t\t<\/section>\n\t\t\t\t<section class=\"elementor-section elementor-top-section elementor-element elementor-element-747ece8 elementor-section-boxed elementor-section-height-default elementor-section-height-default wpr-particle-no wpr-jarallax-no wpr-parallax-no wpr-sticky-section-no wpr-equal-height-no\" data-id=\"747ece8\" data-element_type=\"section\" data-e-type=\"section\">\n\t\t\t\t\t\t<div class=\"elementor-container elementor-column-gap-default\">\n\t\t\t\t\t<div class=\"elementor-column elementor-col-100 elementor-top-column elementor-element elementor-element-32bc053\" data-id=\"32bc053\" data-element_type=\"column\" data-e-type=\"column\">\n\t\t\t<div class=\"elementor-widget-wrap elementor-element-populated\">\n\t\t\t\t\t\t<div class=\"elementor-element elementor-element-2a4249d elementor-widget elementor-widget-text-editor\" data-id=\"2a4249d\" data-element_type=\"widget\" data-e-type=\"widget\" data-widget_type=\"text-editor.default\">\n\t\t\t\t<div class=\"elementor-widget-container\">\n\t\t\t\t\t\t\t\t\t<div data-id=\"4cbb445\" data-element_type=\"widget\" data-widget_type=\"text-editor.default\">\n<div>\n<div>\n<p><b>Verantwortlich f\u00fcr den Inhalt:<\/b><br>Rassenkleintierzuchtverein V11 Bludenz<br>ZVR fehlt noch<\/p>\n<p>1. \u00d6sterreichischer Riesenclub<br>ZVR fehlt noch<\/p>\n<p>Angelika Wachter<br>6706 B\u00fcrs, Werkstra\u00dfe 8d<br>Telefon:&nbsp;<span style=\"color: var( --e-global-color-text ); font-family: var( --e-global-typography-text-font-family ), Sans-serif; font-weight: var( --e-global-typography-text-font-weight ); background-color: var(--wp--preset--color--base); font-size: var(--wp--preset--font-size--medium);\">0664\/88869562<br><\/span><span style=\"color: var( --e-global-color-text ); font-family: var( --e-global-typography-text-font-family ), Sans-serif; font-weight: var( --e-global-typography-text-font-weight ); background-color: var(--wp--preset--color--base); font-size: var(--wp--preset--font-size--medium);\">e-mail: <\/span><span style=\"font-family: var( --e-global-typography-text-font-family ), Sans-serif; font-weight: var( --e-global-typography-text-font-weight ); background-color: var(--wp--preset--color--base); font-size: var(--wp--preset--font-size--medium);\"><span style=\"color: #000000;\">wachter.martin@vcon.at<\/span><\/span><b style=\"color: var( --e-global-color-text ); font-family: var( --e-global-typography-text-font-family ), Sans-serif; background-color: var(--wp--preset--color--base); font-size: var(--wp--preset--font-size--medium);\">&nbsp;<\/b><\/p>\n<div><b>Fotonachweis:&nbsp;<\/b>Die Fotos wurden von Mitgliedern der beiden Vereine gestellt (\u00a9 by Rassenkleintierzuchtverein V11 Bludenz und 1. \u00d6sterreichischer Riesenclub)<\/div>\n<p><b>&nbsp;<\/b><\/p>\n<p><b>Haftungsausschluss, Nutzung, Gew\u00e4hrleistung:<\/b><br>Der Autor haftet nicht f\u00fcr etwaige Sch\u00e4den, die aus nicht korrekten oder veralterten bzw. versp\u00e4teten Inhalten oder aus Handlungen resultieren, die im besten Vertrauen auf Richtigkeit des Inhaltes get\u00e4tigt wurden. Die auf dieser Website oder in darauf befindlichen Bildern, Dokumenten usw. enthalten Informationen stellen keine Beratungsleistung dar, sondern lediglich eine Information. S\u00e4mtliche Beitr\u00e4ge sind ohne Gew\u00e4hr auf inhaltliche Richtigkeit. Die Nutzung dieser Website erfolgt auf eigene Gefahr und eigenes Risiko. Es wird keine Gew\u00e4hr \u00fcbernommen.<\/p>\n<p>Alle Inhalte dieser Website sind urheberrechtlich gesch\u00fctzt. Texte, Bilder, Grafiken, Sounds, Animationen und Videos unterliegen dem Schutz des Urheberrechts. Der Inhalt darf nicht zu kommerziellen Zwecken kopiert, verbreitet, ver\u00e4ndert oder Dritten zug\u00e4nglich gemacht werden. Jede Nutzung \u2013 insbesondere die Speicherung in Datenbanken, Vervielf\u00e4ltigung, Verbreitung, Bearbeitung und jede Art von gewerblicher Nutzung sowie die Weitergabe an Dritte \u2013 auch in Teilen oder in \u00fcberarbeiteter Form \u2013 ohne Zustimmung des Betreibers bzw. des Urhebers ist untersagt.<\/p>\n<p>Trotz sorgf\u00e4ltiger inhaltlicher Kontrolle \u00fcbernehmen wir keine Haftung f\u00fcr die Inhalte externer Links. F\u00fcr den Inhalt der verlinkten Seiten sind ausschlie\u00dflich deren Betreiber verantwortlich.<\/p>\n<p>Alle Rechte vorbehalten. Alle Inhalte dieser Seite \u00a9 by Rassenkleintierzuchtverein V11 Bludenz und 1. \u00d6sterreichischer Riesenclub.<\/p>\n<p><br><\/p>\n<\/div>\n<\/div>\n<div data-id=\"4cbb445\" data-element_type=\"widget\" data-widget_type=\"text-editor.default\"><span style=\"font-weight: 700; background-color: var(--wp--preset--color--base);\">Online Streitbeilegung:<br><\/span><span style=\"background-color: var(--wp--preset--color--base);\">Die Europ\u00e4ische Kommission stellt unter&nbsp;<\/span><a href=\"https:\/\/ec.europa.eu\/consumers\/odr\/\" target=\"_blank\" rel=\"noopener\">https:\/\/ec.europa.eu\/consumers\/odr<\/a><span style=\"background-color: var(--wp--preset--color--base);\">&nbsp;eine Plattform zur Online-Streitbeilegung bereit, die Verbraucher f\u00fcr die Beilegung einer Streitigkeit nutzen k\u00f6nnen und auf der weitere Informationen zum Thema Streitschlichtung zu finden sind.<\/span><\/div>\n<div data-id=\"4cbb445\" data-element_type=\"widget\" data-widget_type=\"text-editor.default\"><span style=\"background-color: var(--wp--preset--color--base);\"><br><\/span><\/div>\n<p><span style=\"font-weight: 700;\">Au\u00dfergerichtliche Streitbeilegung:<br><\/span><span style=\"background-color: var(--wp--preset--color--base);\">Wir sind weder verpflichtet noch dazu bereit, im Falle einer Streitigkeit mit einem Verbraucher an einem Streitbeilegungsverfahren vor einer Verbraucherschlichtungsstelle teilzunehmen.<\/span><\/p>\n<\/div>\t\t\t\t\t\t\t\t<\/div>\n\t\t\t\t<\/div>\n\t\t\t\t\t<\/div>\n\t\t<\/div>\n\t\t\t\t\t<\/div>\n\t\t<\/section>\n\t\t\t\t<\/div>\n\t\t","protected":false},"excerpt":{"rendered":"<p>Impressum Verantwortlich f\u00fcr den Inhalt: Rassenkleintierzuchtverein V11 Bludenz ZVR fehlt noch 1. \u00d6sterreichischer Riesenclub ZVR fehlt noch Angelika Wachter 6706 B\u00fcrs, Werkstra\u00dfe 8d Telefon:&nbsp;0664\/88869562 e-mail: wachter.martin@vcon.at&nbsp; Fotonachweis:&nbsp;Die Fotos wurden von Mitgliedern der beiden Vereine gestellt (\u00a9 by Rassenkleintierzuchtverein V11 Bludenz und 1. \u00d6sterreichischer Riesenclub) &nbsp; Haftungsausschluss, Nutzung, Gew\u00e4hrleistung: Der Autor haftet nicht f\u00fcr etwaige Sch\u00e4den, die aus nicht korrekten oder veralterten bzw. versp\u00e4teten Inhalten oder aus Handlungen resultieren, die im besten Vertrauen auf Richtigkeit des Inhaltes get\u00e4tigt wurden. Die auf dieser Website oder in darauf befindlichen Bildern, Dokumenten usw. enthalten Informationen stellen keine Beratungsleistung dar, sondern lediglich eine Information. S\u00e4mtliche Beitr\u00e4ge sind ohne Gew\u00e4hr auf inhaltliche Richtigkeit. Die Nutzung dieser Website erfolgt auf eigene Gefahr und eigenes Risiko. Es wird keine Gew\u00e4hr \u00fcbernommen. Alle Inhalte dieser Website sind urheberrechtlich gesch\u00fctzt. Texte, Bilder, Grafiken, Sounds, Animationen und Videos unterliegen dem Schutz des Urheberrechts. Der Inhalt darf nicht zu kommerziellen Zwecken kopiert, verbreitet, ver\u00e4ndert oder Dritten zug\u00e4nglich gemacht werden. Jede Nutzung \u2013 insbesondere die Speicherung in Datenbanken, Vervielf\u00e4ltigung, Verbreitung, Bearbeitung und jede Art von gewerblicher Nutzung sowie die Weitergabe an Dritte \u2013 auch in Teilen oder in \u00fcberarbeiteter Form \u2013 ohne Zustimmung des Betreibers bzw. des Urhebers ist untersagt. Trotz sorgf\u00e4ltiger inhaltlicher Kontrolle \u00fcbernehmen wir keine Haftung f\u00fcr die Inhalte externer Links. F\u00fcr den Inhalt der verlinkten Seiten sind ausschlie\u00dflich deren Betreiber verantwortlich. Alle Rechte vorbehalten. Alle Inhalte dieser Seite \u00a9 by Rassenkleintierzuchtverein V11 Bludenz und 1. \u00d6sterreichischer Riesenclub. Online Streitbeilegung: Die Europ\u00e4ische Kommission stellt unter&nbsp;https:\/\/ec.europa.eu\/consumers\/odr&nbsp;eine Plattform zur Online-Streitbeilegung bereit, die Verbraucher f\u00fcr die Beilegung einer Streitigkeit nutzen k\u00f6nnen und auf der weitere Informationen zum Thema Streitschlichtung zu finden sind. Au\u00dfergerichtliche Streitbeilegung: Wir sind weder verpflichtet noch dazu bereit, im Falle einer Streitigkeit mit einem Verbraucher an einem Streitbeilegungsverfahren vor einer Verbraucherschlichtungsstelle teilzunehmen.<\/p>\n","protected":false},"author":1,"featured_media":0,"parent":0,"menu_order":0,"comment_status":"closed","ping_status":"closed","template":"elementor_canvas","meta":{"_monsterinsights_skip_tracking":false,"_monsterinsights_sitenote_active":false,"_monsterinsights_sitenote_note":"","_monsterinsights_sitenote_category":0,"footnotes":""},"class_list":["post-1327","page","type-page","status-publish","hentry"],"yoast_head":"<!-- This site is optimized with the Yoast SEO plugin v27.5 - https:\/\/yoast.com\/product\/yoast-seo-wordpress\/ -->\n<title>Impressum - kleintierzuchtverein-v11.com<\/title>\n<meta name=\"robots\" content=\"index, follow, max-snippet:-1, max-image-preview:large, max-video-preview:-1\" \/>\n<link rel=\"canonical\" href=\"https:\/\/kleintierzuchtverein-v11.com\/?page_id=1327\" \/>\n<meta property=\"og:locale\" content=\"de_DE\" \/>\n<meta property=\"og:type\" content=\"article\" \/>\n<meta property=\"og:title\" content=\"Impressum - kleintierzuchtverein-v11.com\" \/>\n<meta property=\"og:description\" content=\"Impressum Verantwortlich f\u00fcr den Inhalt: Rassenkleintierzuchtverein V11 Bludenz ZVR fehlt noch 1. \u00d6sterreichischer Riesenclub ZVR fehlt noch Angelika Wachter 6706 B\u00fcrs, Werkstra\u00dfe 8d Telefon:&nbsp;0664\/88869562 e-mail: wachter.martin@vcon.at&nbsp; Fotonachweis:&nbsp;Die Fotos wurden von Mitgliedern der beiden Vereine gestellt (\u00a9 by Rassenkleintierzuchtverein V11 Bludenz und 1. \u00d6sterreichischer Riesenclub) &nbsp; Haftungsausschluss, Nutzung, Gew\u00e4hrleistung: Der Autor haftet nicht f\u00fcr etwaige Sch\u00e4den, die aus nicht korrekten oder veralterten bzw. versp\u00e4teten Inhalten oder aus Handlungen resultieren, die im besten Vertrauen auf Richtigkeit des Inhaltes get\u00e4tigt wurden. Die auf dieser Website oder in darauf befindlichen Bildern, Dokumenten usw. enthalten Informationen stellen keine Beratungsleistung dar, sondern lediglich eine Information. S\u00e4mtliche Beitr\u00e4ge sind ohne Gew\u00e4hr auf inhaltliche Richtigkeit. Die Nutzung dieser Website erfolgt auf eigene Gefahr und eigenes Risiko. Es wird keine Gew\u00e4hr \u00fcbernommen. Alle Inhalte dieser Website sind urheberrechtlich gesch\u00fctzt. Texte, Bilder, Grafiken, Sounds, Animationen und Videos unterliegen dem Schutz des Urheberrechts. Der Inhalt darf nicht zu kommerziellen Zwecken kopiert, verbreitet, ver\u00e4ndert oder Dritten zug\u00e4nglich gemacht werden. Jede Nutzung \u2013 insbesondere die Speicherung in Datenbanken, Vervielf\u00e4ltigung, Verbreitung, Bearbeitung und jede Art von gewerblicher Nutzung sowie die Weitergabe an Dritte \u2013 auch in Teilen oder in \u00fcberarbeiteter Form \u2013 ohne Zustimmung des Betreibers bzw. des Urhebers ist untersagt. Trotz sorgf\u00e4ltiger inhaltlicher Kontrolle \u00fcbernehmen wir keine Haftung f\u00fcr die Inhalte externer Links. F\u00fcr den Inhalt der verlinkten Seiten sind ausschlie\u00dflich deren Betreiber verantwortlich. Alle Rechte vorbehalten. Alle Inhalte dieser Seite \u00a9 by Rassenkleintierzuchtverein V11 Bludenz und 1. \u00d6sterreichischer Riesenclub. Online Streitbeilegung: Die Europ\u00e4ische Kommission stellt unter&nbsp;https:\/\/ec.europa.eu\/consumers\/odr&nbsp;eine Plattform zur Online-Streitbeilegung bereit, die Verbraucher f\u00fcr die Beilegung einer Streitigkeit nutzen k\u00f6nnen und auf der weitere Informationen zum Thema Streitschlichtung zu finden sind. Au\u00dfergerichtliche Streitbeilegung: Wir sind weder verpflichtet noch dazu bereit, im Falle einer Streitigkeit mit einem Verbraucher an einem Streitbeilegungsverfahren vor einer Verbraucherschlichtungsstelle teilzunehmen.\" \/>\n<meta property=\"og:url\" content=\"https:\/\/kleintierzuchtverein-v11.com\/?page_id=1327\" \/>\n<meta property=\"og:site_name\" content=\"kleintierzuchtverein-v11.com\" \/>\n<meta property=\"article:modified_time\" content=\"2023-05-21T12:00:15+00:00\" \/>\n<meta name=\"twitter:card\" content=\"summary_large_image\" \/>\n<meta name=\"twitter:label1\" content=\"Gesch\u00e4tzte Lesezeit\" \/>\n\t<meta name=\"twitter:data1\" content=\"2\u00a0Minuten\" \/>\n<script type=\"application\/ld+json\" class=\"yoast-schema-graph\">{\"@context\":\"https:\\\/\\\/schema.org\",\"@graph\":[{\"@type\":\"WebPage\",\"@id\":\"https:\\\/\\\/kleintierzuchtverein-v11.com\\\/?page_id=1327\",\"url\":\"https:\\\/\\\/kleintierzuchtverein-v11.com\\\/?page_id=1327\",\"name\":\"Impressum - kleintierzuchtverein-v11.com\",\"isPartOf\":{\"@id\":\"https:\\\/\\\/kleintierzuchtverein-v11.com\\\/#website\"},\"datePublished\":\"2023-05-21T12:00:14+00:00\",\"dateModified\":\"2023-05-21T12:00:15+00:00\",\"breadcrumb\":{\"@id\":\"https:\\\/\\\/kleintierzuchtverein-v11.com\\\/?page_id=1327#breadcrumb\"},\"inLanguage\":\"de\",\"potentialAction\":[{\"@type\":\"ReadAction\",\"target\":[\"https:\\\/\\\/kleintierzuchtverein-v11.com\\\/?page_id=1327\"]}]},{\"@type\":\"BreadcrumbList\",\"@id\":\"https:\\\/\\\/kleintierzuchtverein-v11.com\\\/?page_id=1327#breadcrumb\",\"itemListElement\":[{\"@type\":\"ListItem\",\"position\":1,\"name\":\"Startseite\",\"item\":\"https:\\\/\\\/kleintierzuchtverein-v11.com\\\/\"},{\"@type\":\"ListItem\",\"position\":2,\"name\":\"Impressum\"}]},{\"@type\":\"WebSite\",\"@id\":\"https:\\\/\\\/kleintierzuchtverein-v11.com\\\/#website\",\"url\":\"https:\\\/\\\/kleintierzuchtverein-v11.com\\\/\",\"name\":\"kleintierzuchtverein-v11.com\",\"description\":\"Eine weiter WordPress-Webseite\",\"publisher\":{\"@id\":\"https:\\\/\\\/kleintierzuchtverein-v11.com\\\/#organization\"},\"potentialAction\":[{\"@type\":\"SearchAction\",\"target\":{\"@type\":\"EntryPoint\",\"urlTemplate\":\"https:\\\/\\\/kleintierzuchtverein-v11.com\\\/?s={search_term_string}\"},\"query-input\":{\"@type\":\"PropertyValueSpecification\",\"valueRequired\":true,\"valueName\":\"search_term_string\"}}],\"inLanguage\":\"de\"},{\"@type\":\"Organization\",\"@id\":\"https:\\\/\\\/kleintierzuchtverein-v11.com\\\/#organization\",\"name\":\"Rassenkleintierzuchtverein V11 Bludenz und 1. \u00d6sterreichischer Riesenclub\",\"url\":\"https:\\\/\\\/kleintierzuchtverein-v11.com\\\/\",\"logo\":{\"@type\":\"ImageObject\",\"inLanguage\":\"de\",\"@id\":\"https:\\\/\\\/kleintierzuchtverein-v11.com\\\/#\\\/schema\\\/logo\\\/image\\\/\",\"url\":\"https:\\\/\\\/kleintierzuchtverein-v11.com\\\/wp-content\\\/uploads\\\/2023\\\/05\\\/cropped-Bild1.png\",\"contentUrl\":\"https:\\\/\\\/kleintierzuchtverein-v11.com\\\/wp-content\\\/uploads\\\/2023\\\/05\\\/cropped-Bild1.png\",\"width\":2366,\"height\":829,\"caption\":\"Rassenkleintierzuchtverein V11 Bludenz und 1. \u00d6sterreichischer Riesenclub\"},\"image\":{\"@id\":\"https:\\\/\\\/kleintierzuchtverein-v11.com\\\/#\\\/schema\\\/logo\\\/image\\\/\"}}]}<\/script>\n<!-- \/ Yoast SEO plugin. -->","yoast_head_json":{"title":"Impressum - kleintierzuchtverein-v11.com","robots":{"index":"index","follow":"follow","max-snippet":"max-snippet:-1","max-image-preview":"max-image-preview:large","max-video-preview":"max-video-preview:-1"},"canonical":"https:\/\/kleintierzuchtverein-v11.com\/?page_id=1327","og_locale":"de_DE","og_type":"article","og_title":"Impressum - kleintierzuchtverein-v11.com","og_description":"Impressum Verantwortlich f\u00fcr den Inhalt: Rassenkleintierzuchtverein V11 Bludenz ZVR fehlt noch 1. \u00d6sterreichischer Riesenclub ZVR fehlt noch Angelika Wachter 6706 B\u00fcrs, Werkstra\u00dfe 8d Telefon:&nbsp;0664\/88869562 e-mail: wachter.martin@vcon.at&nbsp; Fotonachweis:&nbsp;Die Fotos wurden von Mitgliedern der beiden Vereine gestellt (\u00a9 by Rassenkleintierzuchtverein V11 Bludenz und 1. \u00d6sterreichischer Riesenclub) &nbsp; Haftungsausschluss, Nutzung, Gew\u00e4hrleistung: Der Autor haftet nicht f\u00fcr etwaige Sch\u00e4den, die aus nicht korrekten oder veralterten bzw. versp\u00e4teten Inhalten oder aus Handlungen resultieren, die im besten Vertrauen auf Richtigkeit des Inhaltes get\u00e4tigt wurden. Die auf dieser Website oder in darauf befindlichen Bildern, Dokumenten usw. enthalten Informationen stellen keine Beratungsleistung dar, sondern lediglich eine Information. S\u00e4mtliche Beitr\u00e4ge sind ohne Gew\u00e4hr auf inhaltliche Richtigkeit. Die Nutzung dieser Website erfolgt auf eigene Gefahr und eigenes Risiko. Es wird keine Gew\u00e4hr \u00fcbernommen. Alle Inhalte dieser Website sind urheberrechtlich gesch\u00fctzt. Texte, Bilder, Grafiken, Sounds, Animationen und Videos unterliegen dem Schutz des Urheberrechts. Der Inhalt darf nicht zu kommerziellen Zwecken kopiert, verbreitet, ver\u00e4ndert oder Dritten zug\u00e4nglich gemacht werden. Jede Nutzung \u2013 insbesondere die Speicherung in Datenbanken, Vervielf\u00e4ltigung, Verbreitung, Bearbeitung und jede Art von gewerblicher Nutzung sowie die Weitergabe an Dritte \u2013 auch in Teilen oder in \u00fcberarbeiteter Form \u2013 ohne Zustimmung des Betreibers bzw. des Urhebers ist untersagt. Trotz sorgf\u00e4ltiger inhaltlicher Kontrolle \u00fcbernehmen wir keine Haftung f\u00fcr die Inhalte externer Links. F\u00fcr den Inhalt der verlinkten Seiten sind ausschlie\u00dflich deren Betreiber verantwortlich. Alle Rechte vorbehalten. Alle Inhalte dieser Seite \u00a9 by Rassenkleintierzuchtverein V11 Bludenz und 1. \u00d6sterreichischer Riesenclub. Online Streitbeilegung: Die Europ\u00e4ische Kommission stellt unter&nbsp;https:\/\/ec.europa.eu\/consumers\/odr&nbsp;eine Plattform zur Online-Streitbeilegung bereit, die Verbraucher f\u00fcr die Beilegung einer Streitigkeit nutzen k\u00f6nnen und auf der weitere Informationen zum Thema Streitschlichtung zu finden sind. Au\u00dfergerichtliche Streitbeilegung: Wir sind weder verpflichtet noch dazu bereit, im Falle einer Streitigkeit mit einem Verbraucher an einem Streitbeilegungsverfahren vor einer Verbraucherschlichtungsstelle teilzunehmen.","og_url":"https:\/\/kleintierzuchtverein-v11.com\/?page_id=1327","og_site_name":"kleintierzuchtverein-v11.com","article_modified_time":"2023-05-21T12:00:15+00:00","twitter_card":"summary_large_image","twitter_misc":{"Gesch\u00e4tzte Lesezeit":"2\u00a0Minuten"},"schema":{"@context":"https:\/\/schema.org","@graph":[{"@type":"WebPage","@id":"https:\/\/kleintierzuchtverein-v11.com\/?page_id=1327","url":"https:\/\/kleintierzuchtverein-v11.com\/?page_id=1327","name":"Impressum - kleintierzuchtverein-v11.com","isPartOf":{"@id":"https:\/\/kleintierzuchtverein-v11.com\/#website"},"datePublished":"2023-05-21T12:00:14+00:00","dateModified":"2023-05-21T12:00:15+00:00","breadcrumb":{"@id":"https:\/\/kleintierzuchtverein-v11.com\/?page_id=1327#breadcrumb"},"inLanguage":"de","potentialAction":[{"@type":"ReadAction","target":["https:\/\/kleintierzuchtverein-v11.com\/?page_id=1327"]}]},{"@type":"BreadcrumbList","@id":"https:\/\/kleintierzuchtverein-v11.com\/?page_id=1327#breadcrumb","itemListElement":[{"@type":"ListItem","position":1,"name":"Startseite","item":"https:\/\/kleintierzuchtverein-v11.com\/"},{"@type":"ListItem","position":2,"name":"Impressum"}]},{"@type":"WebSite","@id":"https:\/\/kleintierzuchtverein-v11.com\/#website","url":"https:\/\/kleintierzuchtverein-v11.com\/","name":"kleintierzuchtverein-v11.com","description":"Eine weiter WordPress-Webseite","publisher":{"@id":"https:\/\/kleintierzuchtverein-v11.com\/#organization"},"potentialAction":[{"@type":"SearchAction","target":{"@type":"EntryPoint","urlTemplate":"https:\/\/kleintierzuchtverein-v11.com\/?s={search_term_string}"},"query-input":{"@type":"PropertyValueSpecification","valueRequired":true,"valueName":"search_term_string"}}],"inLanguage":"de"},{"@type":"Organization","@id":"https:\/\/kleintierzuchtverein-v11.com\/#organization","name":"Rassenkleintierzuchtverein V11 Bludenz und 1. \u00d6sterreichischer Riesenclub","url":"https:\/\/kleintierzuchtverein-v11.com\/","logo":{"@type":"ImageObject","inLanguage":"de","@id":"https:\/\/kleintierzuchtverein-v11.com\/#\/schema\/logo\/image\/","url":"https:\/\/kleintierzuchtverein-v11.com\/wp-content\/uploads\/2023\/05\/cropped-Bild1.png","contentUrl":"https:\/\/kleintierzuchtverein-v11.com\/wp-content\/uploads\/2023\/05\/cropped-Bild1.png","width":2366,"height":829,"caption":"Rassenkleintierzuchtverein V11 Bludenz und 1. \u00d6sterreichischer Riesenclub"},"image":{"@id":"https:\/\/kleintierzuchtverein-v11.com\/#\/schema\/logo\/image\/"}}]}},"_links":{"self":[{"href":"https:\/\/kleintierzuchtverein-v11.com\/index.php?rest_route=\/wp\/v2\/pages\/1327","targetHints":{"allow":["GET"]}}],"collection":[{"href":"https:\/\/kleintierzuchtverein-v11.com\/index.php?rest_route=\/wp\/v2\/pages"}],"about":[{"href":"https:\/\/kleintierzuchtverein-v11.com\/index.php?rest_route=\/wp\/v2\/types\/page"}],"author":[{"embeddable":true,"href":"https:\/\/kleintierzuchtverein-v11.com\/index.php?rest_route=\/wp\/v2\/users\/1"}],"replies":[{"embeddable":true,"href":"https:\/\/kleintierzuchtverein-v11.com\/index.php?rest_route=%2Fwp%2Fv2%2Fcomments&post=1327"}],"version-history":[{"count":11,"href":"https:\/\/kleintierzuchtverein-v11.com\/index.php?rest_route=\/wp\/v2\/pages\/1327\/revisions"}],"predecessor-version":[{"id":1456,"href":"https:\/\/kleintierzuchtverein-v11.com\/index.php?rest_route=\/wp\/v2\/pages\/1327\/revisions\/1456"}],"wp:attachment":[{"href":"https:\/\/kleintierzuchtverein-v11.com\/index.php?rest_route=%2Fwp%2Fv2%2Fmedia&parent=1327"}],"curies":[{"name":"wp","href":"https:\/\/api.w.org\/{rel}","templated":true}]}}